{"id":1337,"date":"2016-10-11T13:30:34","date_gmt":"2016-10-11T12:30:34","guid":{"rendered":"http:\/\/pubweb.carnet.hr\/ssssisn\/?page_id=1337"},"modified":"2026-02-06T19:13:10","modified_gmt":"2026-02-06T18:13:10","slug":"sportko","status":"publish","type":"page","link":"https:\/\/skolski-sportski-savez-samobora-i-svete-nedelje.hr\/?page_id=1337","title":{"rendered":"Sportko"},"content":{"rendered":"<h4>Zimski sportko u \u0161kolskoj godini 2025.\/2026.<\/h4>\n<p><a href=\"http:\/\/pubweb.carnet.hr\/ssssisn\/2026\/01\/11\/zimski-sportko-turnir-u-nogometu-za-srednje-skole\/\">Turnir u nogometu &#8211; srednje \u0161kole<\/a><\/p>\n<p><a href=\"http:\/\/pubweb.carnet.hr\/ssssisn\/2026\/01\/11\/zimski-sportko-turnir-u-nogometu-za-osnovne-skole-os-vladimir-descak\/\">Turnir u nogometu &#8211; O\u0160 Vladimir De\u0161\u010dak<\/a><\/p>\n<p><a href=\"http:\/\/pubweb.carnet.hr\/ssssisn\/2026\/01\/11\/zimski-sportko-turnir-u-nogometu-za-osnovne-skole\/\">Turnir u nogometu &#8211; O\u0160 Bogumila Tonija<\/a><\/p>\n<p><a href=\"https:\/\/skolski-sportski-savez-samobora-i-svete-nedelje.hr\/2026\/02\/06\/zimski-sportko-aktivnosti-po-dvoranama-os-m-langa-bregana\/\">Aktivnosti u O\u0160 Milana Langa<\/a><\/p>\n<p><a href=\"https:\/\/skolski-sportski-savez-samobora-i-svete-nedelje.hr\/2026\/02\/06\/zimski-sportko-aktivnosti-po-dvoranama-os-m-siloboda-sv-martin-pod-okicem\/\">Aktivnosti u O\u0160 Mihaela \u0160iloboda<\/a><\/p>\n<p><a href=\"https:\/\/skolski-sportski-savez-samobora-i-svete-nedelje.hr\/2026\/02\/06\/zimski-sportko-aktivnosti-po-dvoranama-os-bogumila-tonija\/\">Aktivnosti u O\u0160 Bogumila Tonija<\/a><\/p>\n<p><a href=\"https:\/\/skolski-sportski-savez-samobora-i-svete-nedelje.hr\/2026\/02\/06\/zimski-sportko-aktivnosti-po-dvoranama-os-rude\/\">Aktivnosti u O\u0160 Rude<\/a><\/p>\n<p><a href=\"https:\/\/skolski-sportski-savez-samobora-i-svete-nedelje.hr\/2026\/02\/06\/zimski-sportko-aktivnosti-po-dvoranama-6\/\">Aktivnosti u O\u0160 Sveta Nedelja<\/a><\/p>\n<p><strong>Zimski sportko\u00a0 u \u0161kolskoj godini 2024.\/2025.<\/strong><\/p>\n<p><a href=\"http:\/\/skolski-sportski-savez-samobora-i-svete-nedelje.hr\/2025\/01\/12\/otvorena-vrata-za-srednjoskolce-u-okviru-sportka\/\">Otvorena vrata za srednjo\u0161kolce<\/a><\/p>\n<p><a href=\"http:\/\/pubweb.carnet.hr\/ssssisn\/2025\/01\/12\/odbojkaski-susreti-u-os-vladimira-descaka\/\">Aktivnosti u O\u0160 Vladimir De\u0161\u010dak<\/a><\/p>\n<p><a href=\"http:\/\/pubweb.carnet.hr\/ssssisn\/2025\/01\/12\/zimski-sportski-susreti-u-os-sveta-nedelja\/\">Aktivnosti u O\u0160 Sveta Nedelja<\/a><\/p>\n<p><a href=\"http:\/\/pubweb.carnet.hr\/ssssisn\/2025\/01\/12\/sportske-aktivnosti-u-os-rude\/\">Aktivnosti u O\u0160 Rude<\/a><\/p>\n<p><a href=\"http:\/\/pubweb.carnet.hr\/ssssisn\/2025\/01\/12\/zimski-sportski-susreti-u-os-m-siloboda-sv-martin-pod-okicem\/\">Aktivnosti u O\u0160 Mihaela \u0160iloboda\u00a0<\/a><\/p>\n<p><a href=\"http:\/\/pubweb.carnet.hr\/ssssisn\/2025\/01\/12\/slobodne-sportske-aktivnosti-u-os-milana-langa\/\">Aktivnosti u O\u0160 Milana Langa<\/a><\/p>\n<p><a href=\"http:\/\/pubweb.carnet.hr\/ssssisn\/2025\/01\/12\/tradicionalni-odbojkaski-turnir-33-u-os-bogumila-tonija\/\">Tradicionalni odbojka\u0161ki turnir 3+3 u O\u0160 Bogumila Tonija<\/a><\/p>\n<p><a href=\"http:\/\/pubweb.carnet.hr\/ssssisn\/2025\/01\/11\/tradicionalni-nogometni-turnir-u-samoboru-za-srednjoskolce-uzbudljive-utakmice-i-nezaboravna-atmosfera\/\">Malonogometni turnir za srednjo\u0161kolce<\/a><\/p>\n<p><a href=\"http:\/\/skolski-sportski-savez-samobora-i-svete-nedelje.hr\/2025\/01\/09\/tradicionalni-malonogometni-turnir-sportko-za-ucenike-osnovnih-skola\/\">Malonogometni turnir za u\u010denike osnovnih \u0161kola &#8211; O\u0160 Bogumila Tonija<\/a><\/p>\n<p><a href=\"http:\/\/skolski-sportski-savez-samobora-i-svete-nedelje.hr\/2025\/01\/09\/turnir-u-nogometu-sportko-za-ucenike-osnovnih-skola\/\">Turnir u nogometu &#8211; dvorana O\u0160 Vladimir De\u0161\u010dak<\/a><\/p>\n<p><strong>Ljetni sportko &#8211; 2024:<\/strong><\/p>\n<p><a href=\"http:\/\/skolski-sportski-savez-samobora-i-svete-nedelje.hr\/2024\/09\/16\/zabavno-plivanje\/\">Zabavno plivanje<\/a><\/p>\n<p><a href=\"http:\/\/pubweb.carnet.hr\/ssssisn\/2024\/07\/12\/ljetni-sportko-dvorana-i-bazeni\/\">Doga\u0111anja na bazenu i u dvorani<\/a><\/p>\n<p><a href=\"http:\/\/pubweb.carnet.hr\/ssssisn\/2024\/07\/10\/ljetni-sportko-6\/\">Doga\u0111anja na bazenu i terenima<\/a><\/p>\n<p><a href=\"http:\/\/pubweb.carnet.hr\/ssssisn\/2024\/07\/10\/ljetni-sportko-5\/\">Ljetni sportko<\/a><\/p>\n<p><strong>Zimski sportko 2023.\/2024.<\/strong><\/p>\n<p><a href=\"http:\/\/skolski-sportski-savez-samobora-i-svete-nedelje.hr\/2024\/01\/10\/zimski-sportko-aktivnosti-po-dvoranama-5\/\">Dvorana srednjih \u0161kola<\/a><\/p>\n<p><a href=\"http:\/\/skolski-sportski-savez-samobora-i-svete-nedelje.hr\/2024\/01\/10\/zimski-sportko-aktivnosti-po-dvoranama-4\/\">Dvorana O\u0160 Sveta Nedelja<\/a><\/p>\n<p><a href=\"http:\/\/skolski-sportski-savez-samobora-i-svete-nedelje.hr\/2024\/01\/10\/zimski-sportko-aktivnosti-po-dvoranama-3\/\">Dvorana O\u0160 Rude<\/a><\/p>\n<p><a href=\"http:\/\/skolski-sportski-savez-samobora-i-svete-nedelje.hr\/2024\/01\/10\/zimski-sportko-aktivnosti-po-dvoranama-2\/\">Dvorana O\u0160 Milana Langa<\/a><\/p>\n<p><a href=\"http:\/\/skolski-sportski-savez-samobora-i-svete-nedelje.hr\/2024\/01\/10\/zimski-sportko-aktivnosti-po-dvoranama\/\">Dvorana O\u0160 Mihaela \u0160iloboda<\/a><\/p>\n<p><a href=\"http:\/\/skolski-sportski-savez-samobora-i-svete-nedelje.hr\/2024\/01\/10\/zimski-sportko-klizaliste\/\">Klizali\u0161te\u00a0<\/a><\/p>\n<p><a href=\"http:\/\/skolski-sportski-savez-samobora-i-svete-nedelje.hr\/2024\/01\/10\/zimski-sportko-odbojka-33-3-i-4-sijecnja-2024\/\">Dvorana O\u0160 Bogumila Tonija<\/a><\/p>\n<p><a href=\"http:\/\/skolski-sportski-savez-samobora-i-svete-nedelje.hr\/2023\/12\/31\/nogometni-turnir-za-osnovnoskolce-svete-nedelje\/\">Dvorana O\u0160 Vladimira De\u0161\u010daka<\/a><\/p>\n<p><a href=\"http:\/\/skolski-sportski-savez-samobora-i-svete-nedelje.hr\/2023\/12\/31\/nogometni-turnir-za-osnovnoskolce\/\">Nogometni turnir za osnovno\u0161kolce<\/a><\/p>\n<p><a href=\"http:\/\/skolski-sportski-savez-samobora-i-svete-nedelje.hr\/2023\/12\/31\/zimski-sportko-nogomet-za-srednjoskolce\/\">Nogometni turnir za srednjo\u0161kolce<\/a><\/p>\n<p><strong>Ljetni sportko &#8211; 2023.<\/strong><\/p>\n<p><a href=\"http:\/\/skolski-sportski-savez-samobora-i-svete-nedelje.hr\/2023\/08\/28\/ljetni-sportko-4\/\">Ljetni sportko 2023 &#8211; doga\u0111anja<\/a><\/p>\n<p><a href=\"http:\/\/skolski-sportski-savez-samobora-i-svete-nedelje.hr\/2023\/04\/25\/skola-plivanja-za-ucenike-3-razreda-osnovnih-skola-2023\/\">\u0160kola plivanja za u\u010denike 3. razreda\u00a0<\/a><\/p>\n<p><strong>Zimski sportko 2022.\/2023.<\/strong><\/p>\n<p><a href=\"http:\/\/skolski-sportski-savez-samobora-i-svete-nedelje.hr\/2023\/01\/07\/sportko-aktivnosti-tijekom-prvog-dijela-zimskog-odmora-ucenika\/\">Sportko &#8211; aktivnosti po \u0161kolskim dvoranama<\/a><\/p>\n<p><a href=\"http:\/\/skolski-sportski-savez-samobora-i-svete-nedelje.hr\/2023\/01\/07\/sportko-odbojka-33-2\/\">Sportko &#8211; odbojka 3+3<\/a><\/p>\n<p><a href=\"http:\/\/skolski-sportski-savez-samobora-i-svete-nedelje.hr\/2023\/01\/02\/sportko-nogomet-za-ucenike-iz-svete-nedelje\/\">Sportko \u2013 nogomet za u\u010denike iz Svete Nedelje<\/a><\/p>\n<p><a href=\"http:\/\/skolski-sportski-savez-samobora-i-svete-nedelje.hr\/2023\/01\/02\/sportko-nogomet-osnovnoskolci-dvorana-os-bogumila-tonija\/\">Sportko \u2013 nogomet \u2013 osnovno\u0161kolci \u2013 dvorana O\u0160 Bogumila Tonija<\/a><\/p>\n<p><a href=\"http:\/\/skolski-sportski-savez-samobora-i-svete-nedelje.hr\/2023\/01\/02\/2137\/\">Sportko \u2013 nogomet \u2013 srednjo\u0161kolci<\/a><\/p>\n<p><strong>Zimski sportko 2021.\/2022.<\/strong><\/p>\n<p><a href=\"http:\/\/skolski-sportski-savez-samobora-i-svete-nedelje.hr\/2022\/01\/05\/sportko-odbojka-za-osnovne-skole\/\">Sportko \u2013 odbojka za osnovne \u0161kole<\/a><\/p>\n<p><a href=\"http:\/\/skolski-sportski-savez-samobora-i-svete-nedelje.hr\/2022\/01\/05\/sportko-u-dvoranama\/\">Sportko u dvoranama<\/a><\/p>\n<p><a href=\"http:\/\/skolski-sportski-savez-samobora-i-svete-nedelje.hr\/2022\/01\/05\/zimski-sportko-nogomet-za-srednje-skole\/\">Zimski sportko &#8211; nogomet za srednje \u0161kole<\/a><\/p>\n<p><a href=\"http:\/\/skolski-sportski-savez-samobora-i-svete-nedelje.hr\/2022\/01\/05\/zimski-sportko-nogomet-za-osnovne-skole\/\">Zimski sportko &#8211; nogomet za osnovne \u0161kole<\/a><\/p>\n<p><strong>Ljetni sportko 2021.<\/strong><\/p>\n<p><a href=\"http:\/\/skolski-sportski-savez-samobora-i-svete-nedelje.hr\/2021\/07\/14\/sportko-plivanje-i-tenis\/\">Sportko &#8211; plivanje i tenis<\/a><\/p>\n<p><a href=\"http:\/\/skolski-sportski-savez-samobora-i-svete-nedelje.hr\/2021\/06\/30\/sportko-nogomet-7-i-8-razredi\/\">Sportko &#8211; nogomet 7. i 8. razredi<\/a><\/p>\n<p><a href=\"http:\/\/skolski-sportski-savez-samobora-i-svete-nedelje.hr\/2021\/06\/30\/sportko-nogomet-5-i-6-razredi\/\">Sportko &#8211; nogomet 5. i 6. razredi<\/a><\/p>\n<p><a href=\"http:\/\/skolski-sportski-savez-samobora-i-svete-nedelje.hr\/2021\/06\/29\/sportko-nogomet-3\/\">Sportko &#8211; nogomet srednje \u0161kole<\/a><\/p>\n<p><a href=\"http:\/\/skolski-sportski-savez-samobora-i-svete-nedelje.hr\/2021\/06\/29\/sportko-streetball\/\">Sportko &#8211; streetball<\/a><\/p>\n<p><a href=\"http:\/\/skolski-sportski-savez-samobora-i-svete-nedelje.hr\/2021\/06\/29\/sportko-odbojka-na-pijesku\/\">Sportko &#8211; odbojka na pijesku<\/a><\/p>\n<p><strong>Zimski sportko 2020.\/2021.<\/strong><\/p>\n<p><a href=\"http:\/\/skolski-sportski-savez-samobora-i-svete-nedelje.hr\/2020\/01\/03\/zimski-sportko-nogomet-osnovne-skole\/\">Sportko &#8211; nogomet -osnovne \u0161kole<\/a><\/p>\n<p><a href=\"http:\/\/skolski-sportski-savez-samobora-i-svete-nedelje.hr\/2020\/01\/03\/zimski-sportko-nogomet\/\">Sportko &#8211; nogomet -srednje \u0161kole<\/a><\/p>\n<p><strong>Zimski sportko 2019.\/2020.<\/strong><\/p>\n<p><a href=\"http:\/\/skolski-sportski-savez-samobora-i-svete-nedelje.hr\/2020\/01\/13\/sportko-nogomet-2\/\">Sportko &#8211; nogomet<\/a><\/p>\n<p><a href=\"http:\/\/skolski-sportski-savez-samobora-i-svete-nedelje.hr\/2020\/01\/13\/sportko-granicar-i-klizaliste\/\">Sportko &#8211; grani\u010dar i klizali\u0161te<\/a><\/p>\n<p><a href=\"http:\/\/skolski-sportski-savez-samobora-i-svete-nedelje.hr\/2020\/01\/13\/sportko-odbojka-osnovne-skole\/\">Sportko &#8211; odbojka &#8211; osnovne \u0161kole<\/a><\/p>\n<p><strong>Zimski sportko 2014.\/2015.<\/strong><\/p>\n<p><a href=\"http:\/\/pubweb.carnet.hr\/ssssisn\/2016\/01\/06\/sportko-nogomet-srednje-skole\/\">Nogomet &#8211; srednje \u00a0\u0161kole<\/a><\/p>\n<p><a href=\"http:\/\/pubweb.carnet.hr\/ssssisn\/2016\/01\/06\/sportko-nogomet-osnovne-skole\/\">Nogomet &#8211; osnovne \u0161kole<\/a><\/p>\n<p><a href=\"http:\/\/pubweb.carnet.hr\/ssssisn\/2016\/01\/06\/sportko-odbojka\/\">Odbojka &#8211; osnovne \u0161kole- mix<\/a><\/p>\n<p><a href=\"http:\/\/pubweb.carnet.hr\/ssssisn\/2016\/01\/22\/sportko-otvoreno-prvenstvo-u-sahu\/\">\u0160ah<\/a><\/p>\n","protected":false},"excerpt":{"rendered":"<p>Zimski sportko u \u0161kolskoj godini 2025.\/2026. Turnir u nogometu &#8211; srednje \u0161kole Turnir u nogometu &#8211; O\u0160 Vladimir De\u0161\u010dak Turnir u nogometu &#8211; O\u0160 Bogumila Tonija Aktivnosti u O\u0160 Milana Langa Aktivnosti u O\u0160 Mihaela \u0160iloboda Aktivnosti u O\u0160 Bogumila Tonija Aktivnosti u O\u0160 Rude Aktivnosti u O\u0160 Sveta Nedelja Zimski sportko\u00a0 u \u0161kolskoj godini <a href=\"https:\/\/skolski-sportski-savez-samobora-i-svete-nedelje.hr\/?page_id=1337\" rel=\"nofollow\"><span class=\"sr-only\">Read more about Sportko<\/span>[&hellip;]<\/a><\/p>\n","protected":false},"author":367,"featured_media":0,"parent":0,"menu_order":0,"comment_status":"closed","ping_status":"closed","template":"","meta":{"footnotes":""},"class_list":["post-1337","page","type-page","status-publish","hentry"],"_links":{"self":[{"href":"https:\/\/skolski-sportski-savez-samobora-i-svete-nedelje.hr\/index.php?rest_route=\/wp\/v2\/pages\/1337","targetHints":{"allow":["GET"]}}],"collection":[{"href":"https:\/\/skolski-sportski-savez-samobora-i-svete-nedelje.hr\/index.php?rest_route=\/wp\/v2\/pages"}],"about":[{"href":"https:\/\/skolski-sportski-savez-samobora-i-svete-nedelje.hr\/index.php?rest_route=\/wp\/v2\/types\/page"}],"author":[{"embeddable":true,"href":"https:\/\/skolski-sportski-savez-samobora-i-svete-nedelje.hr\/index.php?rest_route=\/wp\/v2\/users\/367"}],"replies":[{"embeddable":true,"href":"https:\/\/skolski-sportski-savez-samobora-i-svete-nedelje.hr\/index.php?rest_route=%2Fwp%2Fv2%2Fcomments&post=1337"}],"version-history":[{"count":1,"href":"https:\/\/skolski-sportski-savez-samobora-i-svete-nedelje.hr\/index.php?rest_route=\/wp\/v2\/pages\/1337\/revisions"}],"predecessor-version":[{"id":2900,"href":"https:\/\/skolski-sportski-savez-samobora-i-svete-nedelje.hr\/index.php?rest_route=\/wp\/v2\/pages\/1337\/revisions\/2900"}],"wp:attachment":[{"href":"https:\/\/skolski-sportski-savez-samobora-i-svete-nedelje.hr\/index.php?rest_route=%2Fwp%2Fv2%2Fmedia&parent=1337"}],"curies":[{"name":"wp","href":"https:\/\/api.w.org\/{rel}","templated":true}]}}